811037?
False
Is 9 a factor of 225443097?
True
Is 7 a factor of 68318878?
False
Is 1082 a factor of 54916330?
False
Is 3013 a factor of 74524027?
False
Is 134861724 a multiple of 302?
True
Is 14130688 a multiple of 416?
True
Does 161 divide 2053521190?
True
Does 118 divide 14764396?
True
Does 31 divide 69225542?
True
Does 5650 divide 1442537160?
False
Does 613 divide 7306488?
False
Is 112587804 a multiple of 84?
True
Is 76 a factor of 72888503?
False
Is 208702966 a multiple of 2929?
True
Is 115 a factor of 363908990?
True
Is 257 a factor of 12985784?
False
Does 3 divide 378585642?
True
Does 1567 divide 51032489?
True
Is 46548182 a multiple of 703?
False
Is 139039263 a multiple of 17?
False
Is 10 a factor of 72710600?
True
Is 36 a factor of 30123385?
False
Is 37403693 a multiple of 142?
False
Does 1015 divide 4425144544?
False
Does 29 divide 4625826?
False
Is 85298214 a multiple of 206?
True
Does 34 divide 205776486?
False
Is 120 a factor of 177940080?
True
Is 398 a factor of 125116474?
True
Is 65725793 a multiple of 13?
False
Is 2435140440 a multiple of 24?
True
Is 1166 a factor of 32399255?
False
Is 126236200 a multiple of 65?
False
Is 45168570 a multiple of 9?
True
Is 17 a factor of 356226227?
False
Is 72566659 a multiple of 4332?
False
Does 13 divide 334031468?
False
Does 994 divide 313533444?
True
Does 43 divide 7827290?
True
Does 57 divide 328499209?
False
Is 15238375 a multiple of 85?
True
Is 397185135 a multiple of 46?
False
Is 360 a factor of 162864677?
False
Is 1156 a factor of 242698732?
True
Does 15 divide 44927340?
True
Is 3504 a factor of 102803856?
True
Is 5 a factor of 291697285?
True
Is 78 a factor of 17049942?
True
Is 149 a factor of 87609616?
True
Is 206 a factor of 351552557?
False
Is 1470 a factor of 81760183?
False
Is 581133943 a multiple of 1952?
False
Is 221389322 a multiple of 14?
True
Is 722 a factor of 26412204?
True
Is 909424360 a multiple of 415?
True
Is 48094350 a multiple of 249?
True
Is 20 a factor of 81718420?
True
Is 33585138 a multiple of 798?
False
Is 28739579 a multiple of 19?
False
Is 8292 a factor of 226825347?
False
Does 43 divide 779095371?
True
Is 309 a factor of 11784333?
True
Is 20252918 a multiple of 95?
False
Does 12 divide 117916020?
True
Is 37152470 a multiple of 8?
False
Is 16 a factor of 13598716?
False
Is 4 a factor of 19485680?
True
Is 199398317 a multiple of 78?
False
Is 91 a factor of 12316540?
False
Does 52 divide 577140980?
True
Does 2775 divide 692057250?
True
Is 354 a factor of 358811206?
False
Does 541 divide 2560012?
True
Does 64 divide 112137088?
True
Is 27476754 a multiple of 70?
False
Does 53 divide 3914898?
True
Does 7 divide 34734488?
False
Is 163 a factor of 361559428?
True
Does 413 divide 63596631?
True
Is 157978139 a multiple of 341?
True
Is 4332754713 a multiple of 501?
True
Is 1026882694 a multiple of 956?
False
Is 180 a factor of 59700240?
True
Is 2112494803 a multiple of 3055?
False
Is 17 a factor of 28494592?
False
Is 8 a factor of 8552185?
False
Does 504 divide 27474618?
False
Is 101 a factor of 264986226?
True
Is 6 a factor of 12871462?
False
Does 23 divide 38964024?
True
Does 121 divide 7777517?
True
Is 128700000 a multiple of 90?
True
Does 65 divide 290123250?
False
Is 67012546 a multiple of 62?
False
Does 247 divide 15931994?
True
Is 52 a factor of 143788320?
True
Is 176805792 a multiple of 24?
True
Is 146 a factor of 714756230?
False
Does 89 divide 29317579?
True
Does 37 divide 3232273503?
False
Is 423027030 a multiple of 49?
False
Is 17 a factor of 1044000209?
True
Is 2087516246 a multiple of 41?
False
Is 5 a factor of 713912787?
False
Does 6 divide 1634272?
False
Does 3200 divide 197309249?
False
Is 33 a factor of 2824194121?
False
Does 490 divide 867268090?
False
Is 571 a factor of 2695691?
True
Is 19 a factor of 50310499?
True
Is 123 a factor of 79131170?
False
Is 889388472 a multiple of 174?
True
Is 74 a factor of 40031928?
True
Does 9 divide 2010880638?
True
Is 32283054 a multiple of 16?
False
Is 6831 a factor of 995932531?
False
Is 37926289 a multiple of 4?
False
Does 14 divide 269923696?
True
Is 191 a factor of 20647298?
False
Is 383 a factor of 166640236?
True
Is 561879210 a multiple of 570?
True
Is 179 a factor of 857231?
True
Is 4 a factor of 1182960668?
True
Does 36 divide 4751350668?
True
Is 223601718 a multiple of 4166?
True
Does 78 divide 534478205?
False
Does 2434 divide 132623792?
True
Is 424 a factor of 14259544?
True
Is 30032281 a multiple of 565?
False
Does 343 divide 202910225?
True
Is 1832768242 a multiple of 167?
False
Does 2452 divide 1771145382?
False
Is 650654772 a multiple of 364?
False
Is 65 a factor of 513128091?
False
Is 605545145 a multiple of 28?
False
Is 438493216 a multiple of 296?
True
Is 7835292 a multiple of 20?
False
Does 15 divide 22663373?
False
Is 110464235 a multiple of 7?
True
Does 311 divide 4452094273?
False
Does 136 divide 75808712?
True
Does 126 divide 1031090760?
True
Does 1057 divide 110613993?
True
Is 161113939 a multiple of 92?
False
Is 420 a factor of 150757320?
True
Is 66953213 a multiple of 71?
True
Is 3413760 a multiple of 240?
True
Does 39 divide 86403696?
False
Is 7927 a factor of 3973614852?
True
Does 2124 divide 380845944?
True
Is 15 a factor of 177268890?
True
Is 50 a factor of 347745500?
True
Does 7 divide 32992323?
True
Is 38874347 a multiple of 2771?
False
Is 17760422 a multiple of 3?
False
Is 4689877 a multiple of 131?
False
Does 10 divide 1026903937?
False
Is 45 a factor of 155064981?
False
Is 232 a factor of 175143528?
True
Does 189 divide 39699639?
True
Is 14 a factor of 11284165?
False
Does 26 divide 1292276050?
True
Is 19270811 a multiple of 182?
False
Is 6851 a factor of 2161822575?
False
Is 1986 a factor of 20012922?
True
Does 3278 divide 3575858748?
True
Is 137 a factor of 10493104?
True
Is 127093246 a multiple of 14?
True
Is 1865 a factor of 58292440?
True
Does 15 divide 18079410?
True
Is 7996205 a multiple of 4?
False
Is 1011 a factor of 378865173?
True
Does 10 divide 142149621?
False
Is 14 a factor of 1222358887?
False
Is 71 a factor of 5782539?
False
Is 7 a factor of 740502?
True
Does 3 divide 576935?
False
Does 64 divide 1856602?
False
Is 881618157 a multiple of 9?
True
Does 631 divide 2721299171?
False
Does 1482 divide 397931564?
False
Is 273819179 a multiple of 161?
False
Is 17 a factor of 74381460?
True
Is 15339523 a multiple of 44?
False
Is 228637772 a multiple of 1364?
True
Is 553 a factor of 233369604?
False
Does 34 divide 86833792?
False
Is 1345 a factor of 55451193?
False
Is 475940914 a multiple of 12?
False
Is 236 a factor of 956251468?
True
Does 66 divide 75314712?
True
Is 165 a factor of 3025511280?
True
Is 36823259 a multiple of 2497?
True
Is 45 a factor of 22078215?
True
Is 167619780 a multiple of 14?
False
Does 14 divide 656104554?
True
Is 155914848 a multiple of 18?
True
Does 31 divide 88667254?
True
Is 11 a factor of 762553927?
False
Is 2750189 a multiple of 173?
False
Does 422 divide 14593182?
True
Is 3898181 a multiple of 2?
False
Is 510 a factor of 180019290?
True
Is 118462200 a multiple of 179?
True
Does 2852 divide 297045144?
False
Is 338 a factor of 74367768?
False
Is 11 a factor of 2317919725?
True
Does 1157 divide 26536724?
False
Does 41 divide 882358786?
True
Does 168 divide 83688696?
True
Is 1357 a factor of 19348106?
True
Is 63788740 a multiple of 20?
True
Is 191 a factor of 18477413?
False
Does 4 divide 541790860?
True
Is 1620333033 a multiple of 607?
False
Is 14 a factor of 11419198?
True
Is 309637608 a multiple of 1828?
True
Is 12043112 a multiple of 8?
True
Is 12 a factor of 76267207?
False
Is 9729058 a multiple of 5?
False
Is 8 a factor of 490972104?
True
Is 592710181 a multiple of 93?
False
Does 122 divide 41732052?
True
Does 53 divide 1307098200?
False
Does 372 divide 641711765?
False
Does 11 divide 168178516?
True
Is 41178972 a multiple of 12?
True
Is 4222465 a multiple of 91?
False
Is 74 a factor of 45422990?
False
Does 8 divide 305329944?
True
Is 109 a factor of 120137751?
False
Is 47 a factor of 33856779?
True
Is 462 a factor of 230788359?
False
Does 23 divide 97787904?
True
Is 6 a factor of 19917733?
False
Is 6834 a factor of 2480933352?
True
Is 296 a factor of 31418920?
True
Is 18 a factor of 1510204?
False
Is 762094576 a multiple of 2362?
True
Is